 -16664. Calculate the highest common factor of x and 1715.
35
Let p(i) = -24 - 13*i + 14 + 12 - i**2. Let l be p(-10). Calculate the highest common factor of l and 256.
32
Suppose 4*a - 38 = 2*a. Suppose p + a = -11. Let i = 37 + p. Calculate the greatest common factor of 7 and i.
7
Let k be 42*((-8)/(-112) + (-3)/(-6)). What is the greatest common factor of k and 9?
3
Suppose 15 = 3*j - 3*i, 4*j = -j + 4*i + 20. Suppose j = b - f - 849, 0 = -2*b - 0*f + f + 1695. Calculate the greatest common divisor of b and 18.
18
Let c be (332/(-1411) - (-138)/153)/((-4)/(-990)). What is the greatest common divisor of c and 5115?
165
Let v(r) = 2*r**2 - 127*r + 1058. Let l be v(65). What is the highest common divisor of 56 and l?
7
Let g be 4/((-72)/20 + 4). Suppose -5*b - 7000 = -7030. Calculate the greatest common divisor of g and b.
2
Let i be 66/11 + (-1 - (1 + 0)). Suppose 3*z + z + 3*u - 22 = 0, -3*z + 4*u = -i. What is the greatest common divisor of z and 6?
2
Suppose -25*g - 16*g + 12*g = -35264. What is the highest common divisor of g and 114?
38
Suppose 27*m - 42*m = -23715. What is the highest common factor of m and 217?
31
Suppose 0 = 28*k + 320 - 819 - 649. Let d be (40/(-12))/(2/27). Let f = -4 - d. Calculate the greatest common factor of k and f.
41
Let a = 2592 + -2337. Calculate the highest common factor of 357 and a.
51
Let v be (-28)/(-2)*(-1314)/(-1533). Calculate the greatest common factor of v and 822.
6
Suppose -3*l = -12*o + 15*o - 483, -2*o = -3*l + 458. What is the greatest common factor of l and 793?
13
Let n(k) = -17*k**2 - 3*k - 3. Let o be n(2). Let q be o/(104/(-112) - (-9)/21). Calculate the greatest common divisor of 14 and q.
14
Let i be (154/88)/(0 - 1/(-204)). Suppose -n - 16*n + i = 0. Calculate the highest common divisor of n and 357.
21
Suppose -6*w + 61 = r - 3, -3*w + 192 = 3*r. Suppose 5*d - 500 + 100 = 0. Calculate the greatest common factor of r and d.
16
Let x(m) = -2*m**3 + 2*m**2 - 2*m + 1. Let v be x(1). Let f be (v/3*1*3)/1. Let s be f*2/(-5) - 276/(-60). What is the highest common divisor of 30 and s?
5
Suppose 0 = -4*u + 80 + 80. Let r = -46380 - -46395. Calculate the highest common factor of r and u.
5
Suppose 3*i = 4*g - 87, 5*g - 4*i = g + 84. Suppose g = r - 2*t, 5*t = r + 3*r - 93. What is the highest common factor of r and 28?
2
Let o(l) be the second derivative of 13*l**3/6 + 35*l**2 - 115*l. Let h be o(18). What is the greatest common factor of h and 32?
16
Suppose -6*l - 4*t = -3*l - 1147, -5*l + 1901 = 4*t. Let j = l - 373. Let x(f) = f**2 - f + 30. Let y be x(0). What is the greatest common divisor of y and j?
2
Let p be -35*(-15)/20*4. Suppose 33*h + 2*h = p. Calculate the highest common divisor of 25 and h.
1
Suppose -334190 = -33920*m + 33897*m. Calculate the greatest common factor of m and 10.
10
Let h be 57/76*12*10. Suppose h + 22 = 8*z. What is the greatest common factor of z and 2?
2
Let k(w) = -332*w + 119. Let h be k(-1). What is the highest common factor of h and 143?
11
Let b(q) = 4*q**2 - 3*q - 4. Let i = 38 - 31. Let t be b(i). Suppose 5*w - 44 = 51. Calculate the highest common factor of t and w.
19
Let k = 155 - -87. Let c = k - -44. Calculate the greatest common factor of 44 and c.
22
Let m = 28 - 25. Let v(n) = 8*n**2 - 7*n + 2. Let j be v(m). Let f = -32 + j. What is the greatest common divisor of f and 7?
7
Let n(b) = -b**3 - 23*b**2 - 22*b. Let c be n(-22). Suppose c = 11*s - s - 2340. What is the greatest common factor of s and 52?
26
Let n(m) = -3*m - 11. Let u be n(-10). Let w = u + -13. Let r be ((-20)/w + 2)*6/(-4). What is the highest common divisor of r and 5?
1
Let t be (33 + -17 - 18)/((-4)/6). Let n(q) = -q**2 + 5*q + 2. Let l be n(4). Suppose z + 10 = l*z. Calculate the highest common divisor of z and t.
1
Suppose -2*k - 47 = 2*f + 31, -15 = 5*f. Let r = -32 - k. Let z(n) = -n**2 + 4*n. Let t be z(2). What is the highest common factor of r and t?
4
Suppose -5*m = -5*v + 839 + 161, -5*v = 5*m - 980. Suppose 6*n = v - 108. What is the highest common factor of n and 45?
15
Suppose -5*l + 4*l + 110 = 2*g, 5*g = -3*l + 277. Let x = g - 47. Let v be (-1947)/(-18) + (-1)/x. What is the greatest common factor of v and 36?
36
Let s = -14 - -102. Let b = -67 + s. Let u(r) = -230*r**3 - 2*r - 1. Let m be u(-1). Calculate the greatest common factor of m and b.
21
Suppose -26 = -n - 9. Let l be 0/(-6) + n + 0. What is the highest common factor of 119 and l?
17
Suppose -p + 4*m + 455 = 0, -1374 = -3*p + 3*m - 0*m. Let d be (-48)/(-20)*(-21)/(-84)*45. What is the highest common divisor of p and d?
27
Let g = 6206 - 5931. What is the highest common divisor of g and 25?
25
Let p be (-4 + -17 + 212)/(2/26). Calculate the greatest common divisor of 52 and p.
13
Let q(k) = k**2 + 27*k + 36. Let a be q(-26). Let y be a/((1 - 8) + 5) + 594. What is the highest common divisor of y and 19?
19
Suppose -23*w + 13674 + 5554 = 0. Calculate the highest common factor of w and 76.
76
Suppose 248*z - 386302 = 207*z. What is the highest common divisor of 14 and z?
14
Suppose 1553 + 12207 = 86*j. What is the greatest common divisor of j and 4040?
40
Let y = -84 - -488. Let z = 417 - y. Calculate the highest common factor of 13 and z.
13
Let o(z) = -13*z - 16. Let w be o(-9). Suppose 217 = 5*u + c, w = 4*u - 2*c - 81. Let q be (27/5 + -5)/(2/220). Calculate the highest common divisor of q and u.
44
Let w(s) = -186*s - 6. Let n be w(-1). Let d be (-2)/(1/((-5)/(-2))). Let y = d - -77. Calculate the greatest common divisor of n and y.
36
Let b = 1368 + -1348. Calculate the greatest common factor of b and 1170.
10
Suppose 6*k = -0*k + 90. Let z(a) = a**3 + a**2 - 5*a + 12. Let c be z(-5). Let p be -1 - c - (4 + -2). What is the highest common divisor of k and p?
15
Let h(y) = 835*y - 7475. Let w be h(9). Let l be -3 + (7 + 0 - 1). Suppose l*v + 30 = 4*v. Calculate the greatest common factor of w and v.
10
Suppose -d + 4*r + 34 = 0, 4*r - 368 = -388. Calculate the greatest common factor of 336 and d.
14
Let d(c) be the third derivative of -3*c**4/8 + 23*c**3/3 + 57*c**2. Let n be d(-2). What is the greatest common divisor of n and 512?
64
Let n = 19726 + -19572. What is the greatest common factor of 11011 and n?
77
Let l = -4838 + 9276. What is the greatest common divisor of l and 42?
14
Suppose l + 2*n - 49 = 0, 5*n - 14 - 170 = -4*l. Let d(u) = -l - u + 13*u**2 + 8 + 23. Let b be d(-3). What is the highest common factor of b and 10?
10
Let w be (-1 + 3)/(-2)*0. Suppose r - 5 - 15 = w. Let k be (-3)/((-9)/10)*((-88)/22 + 19). Calculate the greatest common factor of r and k.
10
Let j = 158 + -160. Let o be (j/(-4))/((-9)/(-540)). Calculate the greatest common divisor of o and 6.
6
Suppose -f + 1 = 0, -3*l - 5*f - 10 = -0*l. Let k be 1*(-29)/l + 3/15. Let m be (k/5)/(3/40). What is the greatest common factor of m and 40?
8
Let z = -13015 + 13042. Let m(a) = -7*a + 87. Let b(g) = 8*g - 88. Let n(i) = 6*b(i) + 7*m(i). Let k be n(0). Calculate the greatest common factor of k and z.
27
Let s(n) = 13*n**2 + 46*n - 27. Let v be s(-9). Calculate the highest common factor of 884 and v.
68
Let n be (-304)/(-28)*7/2*1. Suppose 0 = -41*r + n*r. Let l be (r + -4)*2*15/(-24). What is the greatest common divisor of l and 2?
1
Let n(j) = j**2 - 18*j + 87. Let k = -99 - -108. Let h be n(k). What is the highest common divisor of h and 18?
6
Suppose -121*a + 609 = -637 - 448. Calculate the highest common divisor of a and 82.
2
Let m be (-39)/(-26)*(82 + 4 + -2). Let g(v) = -v**3 - 8*v**2 - 4*v - 33. Let d be g(-9). Calculate the greatest common divisor of d and m.
42
Let b be (1 - 0) + (-108)/(-9). Let p be -28*((-7)/6 + b/(-39)). What is the highest common divisor of p and 105?
21
Suppose -2*n + 7*n = 30. Let p be (-405)/27*(-6)/10. Suppose -p*h - 43 + 421 = 0. Calculate the greatest common factor of h and n.
6
Let r be (((-20)/6)/5)/((-4)/42). What is the highest common factor of 56 and r?
7
Suppose 0 = q - 5*x - 191, 0 = -4*x + 12 + 8. Suppose 8*o + o - q = 0. Calculate the greatest common factor of o and 6.
6
Let n be 6/(-2) - 168/42. Let k be n - (-191 + (4 - 5)). Calculate the highest common factor of k and 111.
37
Suppose -2*w + 43 = -3*v, v + 37 = w + w. Let y(g) = -g**3 + 80*g**2 - 373*g + 3. Let q be y(75